{"id":130,"date":"2010-11-06T10:21:31","date_gmt":"2010-11-06T09:21:31","guid":{"rendered":"https:\/\/thebc.ch\/blog\/"},"modified":"2024-02-24T22:09:54","modified_gmt":"2024-02-24T21:09:54","slug":"hilfe","status":"publish","type":"page","link":"https:\/\/thebc.ch\/blog\/?page_id=130","title":{"rendered":"Fragen \/ Kontakt"},"content":{"rendered":"<div class='toc toc'>\n<h2>Contents<\/h2>\n<ul class='toc-odd level-1'>\n\t<li>\n\t\t<a href=\"#Anmeldung\"><strong>Anmeldung<\/strong><\/a>\n\t<\/li>\n\t<li>\n\t\t<a href=\"#Passwort\"><strong>Passwort<\/strong><\/a>\n\t<\/li>\n\t<li>\n\t\t<a href=\"#SSL_Zertifikat\"><strong>SSL Zertifikat<\/strong><\/a>\n\t<\/li>\n\t<li>\n\t\t<a href=\"#POP3S_IMAPS_SMTPS\"><strong>POP3\/S, IMAP\/S, SMTP\/S<\/strong><\/a>\n\t<\/li>\n\t<li>\n\t\t<a href=\"#Handy_Smartphone_Thema\"><strong>Handy\/ Smartphone Thema<\/strong><\/a>\n\t<\/li>\n\t<li>\n\t\t<a href=\"#Mailbox_voll\"><strong>Mailbox voll<\/strong><\/a>\n\t<\/li>\n\t<li>\n\t\t<a href=\"#Kontakt\"><strong>Kontakt<\/strong><\/a>\n\t<\/li>\n<\/ul>\n<\/ul>\n<\/ul>\n<\/div>\n<div class='toc-end'>&nbsp;<\/div>\n<span id=\"Anmeldung\"><h3><strong>Anmeldung<\/strong><\/h3><\/span>\n<p>Der Benutzername ist immer die Mail-Adresse.<\/p>\n<span id=\"Passwort\"><h3><strong>Passwort<\/strong><\/h3><\/span>\n<p>Dein <span style=\"color: #000000;\">Passwort \u00e4ndern<\/span> kannst Du online in Deiner Mailbox -&gt; Einstellungen -&gt; Passwort.<\/p>\n<span id=\"SSL_Zertifikat\"><h3><strong>SSL Zertifikat<\/strong><\/h3><\/span>\n<p>Das Zertifikat (von Let&#8217;s Encrypt) wird alle drei Monate erneuert. Es muss bei den meisten Email-Programmen best\u00e4tigt werden.<\/p>\n<span id=\"POP3S_IMAPS_SMTPS\"><h3><strong>POP3\/S, IMAP\/S, SMTP\/S<\/strong><\/h3><\/span>\n<p>Verf\u00fcgbare Verbindungstypen zum Email empfangen sind POP3\/S oder IMAP\/S.<\/p>\n<p><span style=\"color: #294072;\">POP3\/S:<\/span> <span style=\"color: #df731b;\">box.thebc.ch:995<\/span><br \/><span style=\"color: #294072;\">IMAP\/S:<\/span> <span style=\"color: #df731b;\">box.thebc.ch:993<\/span><\/p>\n<p>Falls Du \u00fcber unseren Server Email versenden m\u00f6chtest ist es der SMTP\/S. Dieser erfordert sichere Authentifizierung.<\/p>\n<p><span style=\"color: #294072;\">SMTP\/S:<\/span> <span style=\"color: #df731b;\">box.thebc.ch:465<\/span><span style=\"color: orange;\"><br \/><\/span><\/p>\n<span id=\"Handy_Smartphone_Thema\"><h3><strong>Handy\/ Smartphone Thema<\/strong><\/h3><\/span>\n<p>Das Standart Thema &#8216;Larry&#8217; ist f\u00fcrs Smartphone kaum zu gebrauchen. W\u00e4hle &#8216;Einstellungen -&gt; Benutzeroberfl\u00e4che -&gt; Elastic&#8217; und du wirst gl\u00fccklich werden.<\/p>\n<span id=\"Mailbox_voll\"><h3><strong>Mailbox voll<\/strong><\/h3><\/span>\n<p>Du bekommst eine Warnung wenn Deine Mailbox zu 80% resp. 95% voll ist. Wenn sie zu 100% voll ist, kannst Du keine Mails mehr empfangen.<\/p>\n<span id=\"Kontakt\"><h3><strong>Kontakt<\/strong><\/h3><\/span>\n<p>Wenn Du eine andere Frage hast, &#8216;Leave a Reply&#8217; (unten).<\/p>\n<ul>\n<li><em>F\u00fcr evtl. Fehlerberichte sind wir dankbar.<\/em><\/li>\n<li><em>Wenn Du ein Problem mit Deinem E-Mail-Konto hast solltest Du eine alternative E-Mail-Adresse angeben damit wir Dich kontaktieren k\u00f6nnen.<\/em><\/li>\n<\/ul>\n\n\n<p><\/p>\n","protected":false},"excerpt":{"rendered":"<p>Anmeldung Der Benutzername ist immer die Mail-Adresse. Passwort Dein Passwort \u00e4ndern kannst Du online in Deiner Mailbox -&gt; Einstellungen -&gt; Passwort. SSL Zertifikat Das Zertifikat (von Let&#8217;s Encrypt) wird alle drei Monate erneuert. Es muss bei den meisten Email-Programmen best\u00e4tigt &hellip; <a href=\"https:\/\/thebc.ch\/blog\/?page_id=130\">Continue reading <span class=\"meta-nav\">&rarr;<\/span><\/a><\/p>\n","protected":false},"author":3,"featured_media":0,"parent":0,"menu_order":0,"comment_status":"open","ping_status":"open","template":"","meta":{"footnotes":""},"class_list":["post-130","page","type-page","status-publish","hentry"],"_links":{"self":[{"href":"https:\/\/thebc.ch\/blog\/index.php?rest_route=\/wp\/v2\/pages\/130","targetHints":{"allow":["GET"]}}],"collection":[{"href":"https:\/\/thebc.ch\/blog\/index.php?rest_route=\/wp\/v2\/pages"}],"about":[{"href":"https:\/\/thebc.ch\/blog\/index.php?rest_route=\/wp\/v2\/types\/page"}],"author":[{"embeddable":true,"href":"https:\/\/thebc.ch\/blog\/index.php?rest_route=\/wp\/v2\/users\/3"}],"replies":[{"embeddable":true,"href":"https:\/\/thebc.ch\/blog\/index.php?rest_route=%2Fwp%2Fv2%2Fcomments&post=130"}],"version-history":[{"count":63,"href":"https:\/\/thebc.ch\/blog\/index.php?rest_route=\/wp\/v2\/pages\/130\/revisions"}],"predecessor-version":[{"id":6522,"href":"https:\/\/thebc.ch\/blog\/index.php?rest_route=\/wp\/v2\/pages\/130\/revisions\/6522"}],"wp:attachment":[{"href":"https:\/\/thebc.ch\/blog\/index.php?rest_route=%2Fwp%2Fv2%2Fmedia&parent=130"}],"curies":[{"name":"wp","href":"https:\/\/api.w.org\/{rel}","templated":true}]}}